*w - 16 = -4. Let c be p(w). Suppose -i + 5*d + 104 + c = 0, 0 = 3*i - 3*d - 1104. Is i a prime number?
False
Is (-55872)/(-14) + 60/420 composite?
True
Suppose 0 = 8*m - 6*m - 62. Let u = -21 + 37. Let b = u + m. Is b a prime number?
True
Suppose 5*j + 2*p + 2*p - 115 = 0, 17 = j + 2*p. Suppose 10*o - 280 = 8*o. Let n = o - j. Is n a prime number?
True
Let d be 1 + 0 - 1 - -4. Suppose 2*s + 0*s - 18 = -d*t, -2*t = -2*s + 6. Suppose 2*u = -t*u + 1636. Is u a prime number?
True
Suppose -97*q - 2638 = -99*q. Is q a prime number?
True
Is (-9)/(57860/14468 - 4) composite?
True
Let y = -1708 - -2819. Is y a composite number?
True
Suppose -c = 2*q - 2586, 3*q - 6465 = -2*q + 4*c. Is q a composite number?
True
Suppose -38908 = -44*n + 39*n - y, 4*n - 31109 = 5*y. Is n composite?
True
Let j = -36 - -53. Suppose 5*y + 3*h - 16 = 0, -y + 2*h + 2*h + j = 0. Suppose 0 = -5*r + 5*q + 1100, 0*q + 654 = 3*r - y*q. Is r composite?
False
Let d be 72/(-27)*9/(-4). Let q(l) = 2*l - 2. Let c be q(d). Is ((-139)/2)/((-5)/c) a prime number?
True
Suppose -26 - 1256 = -2*g. Is g a prime number?
True
Let n be (-6)/(-4)*(-20)/15. Is n/(-9) + (-5225)/(-99) a prime number?
True
Let m be (0 - 0)/(10 - 6). Suppose m = 4*n + n - 525. Suppose 0 = 5*d - 2*d - n. Is d prime?
False
Suppose 1922 - 423 = -n + 5*t, 2*t + 4412 = -3*n. Let p = 2556 + n. Is p a composite number?
True
Let s = -78 + 247. Suppose r - s = 2*b, -160 = -r - 4*b + 3*b. Is r a prime number?
True
Let v(g) = -g**3 - g**2 + 16*g - 6. Let s be v(-5). Let c be 19*(11 + 2*-1). Suppose 5*p - c = s. Is p a prime number?
True
Let y(c) = 8*c - 16. Suppose -b - 35 = -6*b. Let u be y(b). Suppose 2*n = -4*g + 82 + u, 0 = g - 3. Is n a composite number?
True
Suppose 0*c = -c - 253. Let o = 40 - c. Is o prime?
True
Let i(m) = m**3 + 2*m**2 + 1. Let f be i(-3). Is (-2)/f + 6135/20 prime?
True
Let u = -3 + -2. Let t = -3 - u. Suppose q - 1844 = -t*q - 5*l, 3*l = -15. Is q prime?
False
Let w(d) = 450*d**2 - 58*d - 291. Is w(-5) prime?
False
Suppose -3*a = -2*h + 8, 2*h - 3*h - 4*a = 7. Is (-4 - -2 - h) + 142 a prime number?
True
Let x(t) = -45*t - 273*t - 27 - 175*t + 82*t. Is x(-8) composite?
True
Let l(u) = -19*u + 11. Let t be l(-6). Let j(s) = -s**3 + 3*s**2 + 2*s + 2. Let q be j(4). Let b = t + q. Is b composite?
True
Suppose 441 = 4*i + f, -4*f + 456 = 4*i - 0*f. Suppose 5*t - i = -2*p, -2*t + 258 = -0*p + 4*p. Is p a prime number?
True
Suppose 9*v = 8*v - 2, -218 = 3*x + v. Let y = x - -341. Is y prime?
True
Suppose 4*f + 5*b = -7 - 9, 0 = b + 4. Suppose -f = -2*j + 1. Is j/4 - 10956/(-16) prime?
False
Suppose 0 = -19*p + 42781 + 39052. Is p a prime number?
False
Let f(j) = -6*j - 13. Let d be f(23). Let a = 458 + d. Is a a prime number?
True
Suppose 4*h + 3*m = 8, 0*h - 3 = -3*h - 3*m. Let s(a) = -a**2 + 6*a - 12. Let f be s(h). Let g(y) = -y + 4. Is g(f) composite?
False
Let i(u) = -4*u**2 - 9*u + 8. Let w be i(-8). Let d = -123 - w. Is d composite?
False
Let h(u) = 16*u**2 - 20*u - 215. Is h(21) composite?
False
Let t = -47 + 47. Suppose -8*c + 10576 = -t*c. Is c a composite number?
True
Let b(o) = -1140*o**3 + o**2 + 10*o + 15. Is b(-2) prime?
False
Suppose 0 = 3*t + 2*x - 66, -2*x - 12 = -t - 6*x. Let p be (-4)/8*(-10 - -4). Is (p + t/(-9))*66 a prime number?
False
Let w(d) = d**2 - 10*d + 9. Let l be w(9). Suppose l = -5*y + 2 + 23. Suppose -i - 84 = -y*i. Is i a composite number?
True
Suppose 11 = 2*b - 3*c, c = 4*b - 0*c - 17. Let n = 0 + b. Suppose -o + n*o - 30 = 0. Is o prime?
False
Let o = -25 + 34. Suppose 3 = q + o. Is (-12316)/q + 5/15 a prime number?
True
Let u(j) = -j + 1. Let f = 1 - 6. Let o(t) = 68*t - 1. Let r(a) = f*u(a) - o(a). Is r(-3) composite?
True
Suppose -25*b = -45700 - 14475. Is b composite?
True
Let v(j) = 24*j**3 + 4*j**2 + 7*j - 10. Is v(4) a prime number?
False
Suppose -16*g - 25397 = -84101. Is g composite?
True
Let o = -53 - 350. Let c = o - -566. Is c a prime number?
True
Is -5*-3*48572/30 prime?
False
Is (-1)/5 + (-140864)/(-20) composite?
False
Suppose 13*h - 7139 = 2*h. Is h a composite number?
True
Let l = -510 - -187. Let p = -58 - l. Is p a prime number?
False
Let y = 1541 - 894. Is y composite?
False
Let v(j) = 182*j**2 - 22*j**2 + j + 34*j**2 - 4 + 102*j**2. Is v(-3) composite?
False
Suppose -4*c + 3 = -5. Suppose 1 = -2*t + 3*s, t - 4*t + 1 = -4*s. Suppose 0 = t*y - c*y - 885. Is y composite?
True
Suppose 3*d + 5*x = 3482, 3*x + x - 16 = 0. Let n = d - 519. Is n a prime number?
False
Suppose -3*n - 2*n + 99 = 4*v, 5*v = -n + 3. Is (n/2)/((-3)/(-66)) a prime number?
False
Let l = 227 + 1404. Is l prime?
False
Suppose 5*b - 3*w - 9135 = 0, 0 = -6*w + 2*w. Let n(o) = -o**3 + 6*o**2 + o - 8. Let a be n(12). Let h = a + b. Is h prime?
True
Let t be 6/10 - (-21)/15. Suppose l - 5*k + 2 = 0, l + 2 = 3*k - 0*k. Is 1/l + 53/t composite?
True
Let k(f) = -60*f**3 - f**2 - f - 1. Suppose -4*h = -4*w - 12, 0*h + 3*h - 25 = 5*w. Let y(z) = z + 7. Let n be y(w). Is k(n) composite?
False
Suppose 0 = 3*a - w - 60, 5*a - 125 = -w - 17. Suppose -z - 19 = -0*z - 5*t, -z - 3*t + a = 0. Is (3108/18)/(4/z) a composite number?
True
Let o = 17 - 7. Let w(t) = 41*t - 7. Let z be w(o). Suppose -4*d = -3*g + z, -3*g - 4*d + 0*d + 443 = 0. Is g prime?
False
Let t = 1281 + -454. Let c(p) = -p**3 + 34*p**2 - 5*p + 86. Let l be c(34). Let a = l + t. Is a composite?
False
Let q be (8/(-12))/(1/30). Is (-6944)/q - 3/15 a composite number?
False
Let v(w) = -10 + 12*w - 28*w + 15*w. Let o be v(-7). Is (-3)/(-9) + (-104)/o composite?
True
Let c be 2540 + -2 + 2 + 2. Let w = -1283 + c. Is w a prime number?
True
Let x(b) = b**2 - 7*b + 10. Let m be x(6). Suppose -2*o + 40 = -m*o. Is 6/(-4) - 7650/o a prime number?
False
Let k(n) = -n**3 - 12*n**2 + 7*n + 37. Is k(-14) a prime number?
True
Suppose 2*c = -2*c + 2*y + 48, 0 = -5*c + 3*y + 62. Let u be 1 - 2*(-1835)/c. Suppose -4*p = -4*s - 608, -4*p - u = 2*s - 958. Is p prime?
True
Suppose -3*z + 2*z + 85536 = 3*s, 2*z - 85539 = -3*s. Is s a composite number?
True
Let a be (-181)/(3*5/(-270)). Suppose 0 = 2*m - 11*m - a. Let x = m - -619. Is x composite?
False
Let z be ((-14)/21)/(1/(-3)). Suppose 0 = z*b - 0*b - 4. Suppose 0 = 3*l - 3*s - 525, 2*s - 49 = -b*l + 317. Is l a composite number?
False
Let c(n) = 215*n**2 + 12*n + 22. Let p be c(-7). Suppose -p = -2*h - h. Is h a composite number?
False
Suppose 3*l = 2*l - 4*r - 24, r - 3 = 2*l. Let q be (-2)/(l/(-36)*1). Let v = q + 64. Is v prime?
False
Suppose -4*c - 6*d + 3*d + 2 = 0, 4*d = -5*c + 2. Suppose 0 = 4*w + 16, 2560 = 4*b + c*w - 7*w. Is b composite?
True
Let p = -3678 - -17186. Let f = -9527 + p. Is f prime?
False
Let y(u) = 11*u**3 - 38*u**2 + 22*u + 4. Let f(t) = 15*t - 1 + 7*t**3 - 53*t**2 + 4 + 28*t**2. Let l(z) = 8*f(z) - 5*y(z). Is l(9) composite?
False
Let u(s) = 1527*s - 10. Let g be u(2). Suppose -21*l + 17515 = -g. Is l prime?
False
Let y be (4/6)/((-3)/(-9)). Suppose -337 = -5*v - 4*x + 18, y*v + 2*x = 142. Is v a prime number?
True
Let x(b) = 74*b + 14. Let k be x(6). Let y = 835 - k. Is y prime?
False
Suppose 0 = 5*a + 3*d - 18824, 3*a + 5*d = 2*a + 3778. Is a prime?
False
Let z(k) = 23*k**3 - k**2 + 1. Let y be 4*(1 + 4/(-8)). Is z(y) a composite number?
False
Suppose -5*m - 9*i + 127159 = -12*i, 0 = 4*m - i - 101730. Is m a composite number?
True
Suppose -2*n - 13045 = -7*n. Is n a composite number?
False
Is 1 - ((-792011)/55 + (-1)/(-5)) a prime number?
True
Let c be (-918)/(-90) + (-1)/5. Suppose 5*k - 2*q - 26354 = 0, 0*k - 4*q + 15802 = 3*k. Is k/18 - c/(-45) prime?
True
Let v = 46725 - 21884. Is v prime?
True
Let o(f) = 294*f - 5. Let a(w) = -294*w + 5. Let b(x) = 3*a(x) + 4*o(x). Is b(3) a composite number?
False
Suppose -2*w + 10 = -0*b + 2*b, 4*b = 3*w + 6. Suppose -3*s - 4*q = -6137, -b*s + 8200 = s + q. Is s a prime number?
False
Suppose c + 0 = 2*a - 1, 34 = 5*c + 3*a. Suppose 20 = c*q - 65. Suppose -q = -2*y + 237. Is y prime?
True
Let l = -70 - -76. Suppose 0 = 3*n - l*n + 879. Is n a prime number?
True
Let a(x) = x**2 - x - 1. Let i(t) = -4*t**2 + t + 3. Let d(z) = -3*a(z) - i(z). Let m be d(-2). Is 116 + (0 - m) - -3 composite?
True
Let s be 1783 - -1*(0 - -3). Suppose 7*m - s - 1147 = 0. Is m a prime number?
True
Let s = 11156 + 37145. Is s composite?
True
Let k = 39